ivative of t**4/12 - t**3/2 - 6*t**2 + 13*t. Let h be a(5). Let z(b) = -6*b + 2. Determine z(h).
14
Let i be ((-4)/6)/(6/(-45)). Let u(a) be the third derivative of -a**6/120 + a**5/10 - a**4/4 + a**3/3 - 529*a**2. Calculate u(i).
-3
Let a = 4 + -2. Let i be -10 - -3 - (-4)/a. Let n(d) be the second derivative of d**4/12 + d**3/2 + 3*d**2/2 + 78*d. Calculate n(i).
13
Let t(n) be the second derivative of 1/3*n**3 - n**2 - n + 0. Determine t(5).
8
Let l(x) = -1 - 6 + x + 7 + 4. Suppose 2*r + 5*c - 29 = 0, 5*c = -3*r + 6 + 25. Suppose -r = -u + 2. Determine l(u).
8
Let d be 0 + 1 - (5 + -2). Let p(g) be the second derivative of 0*g**3 + 0 - 1/10*g**5 + 2*g - 1/6*g**4 - 1/2*g**2. What is p(d)?
7
Let d(f) = -11*f**3 + 9*f**2 - 5*f + 7. Let b(r) = 5*r**3 - 4*r**2 + 2*r - 3. Let a = 8 - -5. Let w(n) = a*b(n) + 6*d(n). Calculate w(2).
-5
Suppose 24*m - 354 = -94*m. Let z(f) be the second derivative of 1/3*f**3 + 2*f - 1/12*f**4 - 1/2*f**2 + 0. Give z(m).
-4
Let v = 64 - 68. Let g(o) = 0*o**2 - 3*o**2 + o + 2*o**2. Let s(d) = d**2 - 6*d + 3. Let u(q) = 2*g(q) + s(q). Calculate u(v).
3
Let h = 67 - 65. Let c(q) = q**3 - 3*q**h - 2*q**2 + 2*q + 20 - 17. Give c(4).
-5
Let f(o) = o**2 - o - 4. Let l be f(2). Let c(y) = y + 2. Determine c(l).
0
Let t(q) = -q**2 + 16*q - 15. Suppose -9*p - 2*f = -8*p - 19, -5*p + 3*f + 69 = 0. What is t(p)?
0
Let f(u) = 4*u**2 - 15 + 3*u - u**2 + 12. Let j be -27 + 29 - (-3 + 3). Give f(j).
15
Let j be (6/(-7))/((3 - -2)/(-35)). Let d(k) = k**3 - 7*k**2 + 7*k + 6. Give d(j).
12
Let t(b) = 2*b - 1. Let i(c) = 9*c - 14. Let h(n) = -14*n + 21. Let k(g) = -5*h(g) - 7*i(g). Let p(u) = 2*k(u) - 6*t(u). Determine p(7).
6
Let n(s) = -s**2 - 67*s + 4. Let b(f) = -2*f**2 - 103*f + 5. Let z(d) = 5*b(d) - 8*n(d). What is z(9)?
20
Let l(s) = -6*s**3 + 2*s**2 - s. Let g be 3*1*21/9. Let h be (-2 - -5)*30/18. Suppose 3*k - h*o = 26 - 8, -3*o - g = 2*k. What is l(k)?
-5
Let z = -5 - -1. Let c be (20/(-25))/(z/(-10)). Let b = c + -2. Let i(m) = -3*m - 4. Calculate i(b).
8
Let o(u) = -u**2 - u - 1. Let i = 54 + -22. Let g = i - 29. Determine o(g).
-13
Let s(l) = -2*l**2 - l. Let v be (-1)/2 + (-21)/2. Suppose 0 = -5*m - 12 + 72. Let t = m + v. Determine s(t).
-3
Let l(b) be the third derivative of 0*b - 9*b**2 + 1/8*b**4 + 0*b**3 + 0 + 1/120*b**6 + 1/12*b**5. Determine l(-3).
9
Let b(g) = -g - g + g + 0. Let v be b(1). Let o(r) = 73*r - 206*r + 82*r + 72*r. Give o(v).
-21
Let v(l) = -1630*l - 3 - l**2 + 818*l + 815*l. Calculate v(4).
-7
Let t(d) = -2*d**2 + 2*d - 1. Let o be 4/18 - (-364)/468. What is t(o)?
-1
Let a(y) be the second derivative of -y**4/12 + 2*y**3/3 - 2*y**2 + 5*y. Let f = -39 + 42. Give a(f).
-1
Let d(w) = 6 - 10*w - 9*w + 8 + 7*w. Let a(y) = 4*y - 5. Let t(o) = -17*a(o) - 6*d(o). Give t(-1).
-3
Let n be (-76)/(-18) - ((-8)/(-18))/2. Let f(l) = 14*l - 7*l - n*l**2 - 9*l - l**3. Give f(-3).
-3
Let w(z) = -18*z**3 - 5*z**2 - 8*z + 9. Let t(r) = 19*r**3 + 4*r**2 + 6*r - 7. Let j(q) = -4*t(q) - 3*w(q). Give j(-1).
22
Let f be (-2)/(-1)*1/2. Let c(t) = 14*t + 2*t - 13*t - t + 3*t. Calculate c(f).
5
Let g(x) be the second derivative of -1/2*x**2 - 5/6*x**3 - 4*x + 0 + 1/12*x**4. What is g(3)?
-7
Suppose w + 4 = -w. Let k be ((-30)/50)/(w/10). Suppose -k = -4*q + 5*q. Let t(g) = g**3 + 5*g**2 + 2*g - 4. Calculate t(q).
8
Suppose g = 1, 0 = 3*a - 6*g + g + 29. Let y = a + 10. Let i(s) = 0*s + 4*s - 3*s - 1. Give i(y).
1
Let a(m) = m**3 - 2*m**2 - 3*m - 2. Let v(r) = -r + 6. Let f be v(3). Let t be a(f). Let n(k) = 2*k**3 + 4*k**2 + 2*k. Calculate n(t).
-4
Let w = 124 + -120. Let i(n) = 5*n - w*n + 0*n + 8*n. Determine i(1).
9
Let v(k) = -5*k + 4. Let g(l) = 6*l - 6. Let p(f) = 2*g(f) + 3*v(f). Suppose -2*w = -2*u + 2*w + 18, -u + 3*w = -14. Determine p(u).
3
Let o be (26/78)/(2*(-2)/(-60)). Let p be (-6)/7*(2 - (o + 4)). Let a(h) = -h**3 + 5*h**2 + 6*h - 5. Give a(p).
-5
Let z(x) = -x**3 + 4*x**2 + 5*x + 5. Let j(g) = g**2 + 8*g - 28. Let y be j(3). Give z(y).
5
Let v(c) = -c**2 - 2*c + 1. Let j(d) = d**3 + 12*d**2 + 13*d + 3. Let r(n) = j(n) + 6*v(n). What is r(-7)?
-47
Let h(v) = -35*v + 0 + 38*v + 5 - 4. Let c = 7 + -9. Determine h(c).
-5
Let l(x) = -x**3 + 3*x**2 + 8*x + 4. Let p(j) = -j**3 + 3*j**2 + 8*j + 3. Let g(y) = -2*l(y) + 3*p(y). What is g(5)?
-9
Let z = 38 - 29. Let n(i) = 2*i - 7 - 4 + z. Give n(6).
10
Let r = -22 - -23. Let l(i) = -2*i**2 + i + 5. Let s(n) = -n**2 + 1. Let b(p) = -l(p) + 6*s(p). Determine b(r).
-4
Let o(r) = 2*r**2 + 8*r - 6. Suppose 2*a - 105 = 23*a. What is o(a)?
4
Let p(q) = q**3 + 3*q**2 - 5*q + 2. Suppose 6 - 6 = -5*y. Suppose y = -d - 16 + 12. Determine p(d).
6
Let b(f) be the first derivative of -f**4/4 + f**3 + 2*f**2 + f - 4. Let g be b(4). Let k(r) = 9*r - r**2 - 9*r. Determine k(g).
-1
Suppose 6*x = 9*x - 5*a, 2*x + 5 = 5*a. Let t(n) be the second derivative of 1/4*n**4 + 0 + 0*n**2 + 1/20*n**x + 0*n**3 + 3*n. Determine t(-2).
4
Let n(q) be the first derivative of q**2/2 + 4*q + 13891. Let h be (1/2)/(2/(-24)). What is n(h)?
-2
Let z(a) = a + 1. Suppose 0 = -2*c - 1 - 9, 21 = -w - 4*c. Let j(q) = q**2 + 8. Let i(o) = w*j(o) + 4*z(o). What is i(5)?
-9
Let p(h) = h - 8. Suppose 16 = -36*c + 40*c. Give p(c).
-4
Suppose 0*l = l - 0*l. Let o be (-1 - 2) + l + -4. Let q(s) = -s**3 - 7*s**2 - s - 3. Determine q(o).
4
Suppose -50*w - 3*v = -54*w - 2, 5*w = 5*v - 5. Let n(f) = -18*f**2 + 1. Calculate n(w).
-17
Let p be -2 + 1*-1*2. Let s(r) = -r. Let d be -4 + 5 - (-1 - -1). Let o(u) = -u + 1. Let z(i) = d*o(i) - 2*s(i). Calculate z(p).
-3
Let z be -3*(-7 - -4) + (1 - 0). Let w(n) = n - 19. Give w(z).
-9
Let i be 65/40 + 6/16. Suppose -9 = p + 3*f, -p + 5*f = i*p - 43. Let l(q) = 3 + 0 + p*q**2 + 0 - 2*q - 4. Give l(-1).
7
Let k = -60 + 68. Suppose -o - 5 = 4*n, 3*o - 5*n + 6 = -k*n. Let w(j) = -5*j**2 - j. Determine w(o).
-4
Let s(w) = -w + 5. Suppose n - 25 = 4*f, 4*n + 0*f + 5*f = -5. Suppose -t + 9 = 2*z, 5*t + n*z + 15 = 55. Give s(t).
-2
Suppose 4*f - 13 = -33. Let b(p) = -p**2 - 6*p. What is b(f)?
5
Let h(p) be the first derivative of -7*p + 4 - 3/2*p**2. Suppose -5*w = k + 27, 0 = w + 6*k - k + 15. Determine h(w).
8
Let i = -954 + 956. Let u(m) be the first derivative of -2 + i*m + 1/4*m**4 + 7/3*m**3 + 5/2*m**2. What is u(-6)?
8
Suppose 0*n - 24 = 4*n. Let u = n - -3. Let q(c) = -4 - 2*c + c + 1 + 2. Determine q(u).
2
Suppose 6*s = s + 3*c + 12, -8 = -3*s + 2*c. Let f(o) = 2*o - 4. Calculate f(s).
-4
Suppose -2*i = -2*w + 8, -2*i + 3 = -3*w + 12. Let b(m) = 9*m - 3. What is b(i)?
-30
Let k = -13 + 7. Let v(u) = 283*u - 17. Let f(n) = -170*n + 9. Let d(h) = 5*f(h) + 3*v(h). Give d(k).
0
Let t = 13 + -9. Suppose -t = -4*m + 2*m. Suppose 3*i = -5*o - 3 - 22, 2*o = m*i + 6. Let r(j) = j. Give r(o).
-2
Let r(o) be the second derivative of -o**5/20 - o**3/6 + 3*o**2/2 + 18*o + 5. Let t = -1 + 1. What is r(t)?
3
Let v(f) = -f - 2. Let c be 2*3/(-6)*7. Suppose -4*o - 2 = -5*o. Let u be c/o + (-8)/16. Give v(u).
2
Let i(f) be the third derivative of -f**5/60 + f**4/4 - f**3/6 + 364*f**2 - 5*f. Suppose -2*q - 2*u + 14 = 2*q, 31 = 5*q - 2*u. What is i(q)?
4
Let p(m) = 3*m**2 + 7*m**3 + 9*m - 19 + 8 + 8. Let x(l) = -11*l**3 - 4*l**2 - 14*l + 4. Let k(h) = -8*p(h) - 5*x(h). Suppose -2*s + 0*s - 6 = 0. Give k(s).
1
Let m(g) = 6*g + 3. Let q(b) = -b**2 - 5*b - 5. Let a be q(-4). What is m(a)?
-3
Let o(k) be the first derivative of -2*k**2 - 9*k + 44. Determine o(-9).
27
Let a(k) be the third derivative of k**6/72 + k**5/120 - k**4/24 + 5*k**3/3 + 4*k**2. Let y(l) be the first derivative of a(l). Determine y(-2).
17
Suppose -4*f + 3 = -3*f. Suppose 19 = f*g + 7. Let z(k) = -g + 4 - 2 - k**2 - 4 + 7*k. Determine z(6).
0
Let w(b) be the first derivative of b**4/4 - b**3/3 - 3*b**2/2 + 2*b - 9. Let z be 4/(-2 - (3 + -6)). Suppose -5*x + 17 = h, -3 = x - z*h + 2. Calculate w(x).
11
Let w(m) = 10*m + 9 + m**2 - m + 6 - 9. Determine w(-9).
6
Let j(t) be the second derivative of t**5/20 - 3*t**4/4 - t**3/3 + 5*t**2/2 - 5*t + 11. What is j(9)?
-13
Suppose 3*o - 16 = 38. Suppose -11*r = -9*r - o. Let g(f) = -f + 4. Determine g(r).
-5
Suppose -3*n = -5*p - 27, -3*p - 4*n - 22 = -0*n. Let l = 8 + p. Suppose 0 = -2*f - 4, 5*i + 7 = -2*f - l. Let a(o) = -5*o. What is a(i)?
5
Suppose 1 = -q, -4*q = 3*s - 16 + 2. S